 3449, 15359
List the prime factors of 223358450.
2, 5, 7, 149, 4283
What are the prime factors of 5873796095?
5, 47, 24994877
List the prime factors of 167198735.
5, 11, 107, 28411
List the prime factors of 87357462.
2, 3, 53, 274709
List the prime factors of 5884272209.
5884272209
What are the prime factors of 106161140?
2, 5, 37, 143461
List the prime factors of 9120289257.
3, 29, 401651
What are the prime factors of 58299521?
7, 1753, 4751
List the prime factors of 1114691398.
2, 353, 1578883
What are the prime factors of 10065683?
17, 592099
List the prime factors of 451674487.
11, 479, 7793
List the prime factors of 119713281.
3, 19, 659, 3187
What are the prime factors of 238283116?
2, 59570779
List the prime factors of 169098605.
5, 13, 2601517
List the prime factors of 139261792.
2, 19, 199, 1151
What are the prime factors of 529212402?
2, 3, 29400689
What are the prime factors of 5425496012?
2, 283, 4792841
List the prime factors of 873504016.
2, 7, 11, 41, 17293
List the prime factors of 37775835.
3, 5, 29, 9649
List the prime factors of 5688795917.
7, 37, 47, 467329
What are the prime factors of 717510589?
717510589
What are the prime factors of 754730164?
2, 17, 113, 98221
List the prime factors of 24627363.
3, 19, 432059
List the prime factors of 689575588.
2, 13, 19, 697951
What are the prime factors of 405613984?
2, 41, 309157
List the prime factors of 560636533.
1847, 303539
What are the prime factors of 524243153?
7, 1109, 67531
List the prime factors of 1321863268.
2, 11, 23, 29, 73, 617
What are the prime factors of 35788289?
35788289
What are the prime factors of 14870716?
2, 7, 17, 4463
List the prime factors of 371894657.
19, 107, 182929
What are the prime factors of 1017564294?
2, 3, 101, 317, 5297
What are the prime factors of 186650245?
5, 41, 821, 1109
List the prime factors of 293916561.
3, 97972187
List the prime factors of 48082164.
2, 3, 13, 308219
What are the prime factors of 2658886?
2, 443, 3001
List the prime factors of 299582139.
3, 19, 1933, 2719
What are the prime factors of 38781762?
2, 3, 59, 71, 1543
List the prime factors of 47849775.
3, 5, 23, 27739
What are the prime factors of 683880784?
2, 29, 131, 11251
What are the prime factors of 310919354?
2, 8969, 17333
List the prime factors of 221546629.
221546629
List the prime factors of 557524107.
3, 7, 421409
List the prime factors of 331076876.
2, 13, 29, 219547
List the prime factors of 2120990442.
2, 3, 37, 191, 50021
What are the prime factors of 3664505265?
3, 5, 227, 1076213
What are the prime factors of 569777519?
937, 608087
List the prime factors of 203541838.
2, 101770919
List the prime factors of 408021084.
2, 3, 3777973
What are the prime factors of 21821610?
2, 3, 5, 139, 5233
List the prime factors of 775792708.
2, 89, 127, 17159
What are the prime factors of 7914811?
19, 61, 6829
What are the prime factors of 31754810?
2, 5, 17, 186793
List the prime factors of 20073413.
17, 383, 3083
List the prime factors of 888595079.
888595079
What are the prime factors of 25534827?
3, 337, 8419
List the prime factors of 876317219.
977, 896947
What are the prime factors of 18123922?
2, 1567, 5783
List the prime factors of 3230538239.
163, 19819253
What are the prime factors of 114521117?
23, 131, 191, 199
List the prime factors of 60593112.
2, 3, 199, 4229
List the prime factors of 268737387.
3, 19, 4714691
What are the prime factors of 136444341?
3, 11, 4134677
What are the prime factors of 58263500?
2, 5, 19, 6133
What are the prime factors of 1279635596?
2, 1423, 224813
List the prime factors of 689564809.
689564809
List the prime factors of 4951328185.
5, 281, 3524077
List the prime factors of 57919627.
137, 419, 1009
List the prime factors of 3224431042.
2, 7, 23, 10013761
What are the prime factors of 346231011?
3, 7, 1453, 1621
What are the prime factors of 3386401903?
3463, 977881
What are the prime factors of 81053001?
3, 3001963
List the prime factors of 103167633.
3, 34389211
What are the prime factors of 1876629414?
2, 3, 11, 2584889
What are the prime factors of 458665700?
2, 5, 19, 163, 1481
List the prime factors of 174022684.
2, 11, 167, 2153
List the prime factors of 6662622597.
3, 37, 60023627
What are the prime factors of 421029243?
3, 47, 995341
What are the prime factors of 576133352?
2, 19, 251, 15101
What are the prime factors of 2883921633?
3, 17, 18849161
What are the prime factors of 2173980522?
2, 3, 7, 151, 342791
What are the prime factors of 2942722250?
2, 5, 13, 905453
What are the prime factors of 33033545?
5, 271, 24379
List the prime factors of 459729965.
5, 211, 435763
What are the prime factors of 21370151?
11, 23, 84467
What are the prime factors of 885780536?
2, 4463, 24809
List the prime factors of 9443337.
3, 3147779
What are the prime factors of 8202574319?
8202574319
List the prime factors of 126795514.
2, 1607, 39451
What are the prime factors of 23701633?
23701633
What are the prime factors of 1295835126?
2, 3, 10627, 20323
List the prime factors of 525812223.
3, 23, 347, 21961
What are the prime factors of 188839259?
7, 31, 199, 4373
What are the prime factors of 16688595?
3, 5, 7, 11, 14449
What are the prime factors of 3883635194?
2, 179, 211, 51413
List the prime factors of 24823012.
2, 6205753
List the prime factors of 43147418.
2, 29, 743921
List the prime factors of 194547802.
2, 19, 5119679
What are the prime factors of 30959843?
103, 300581
List the prime factors of 85523852.
2, 359, 59557
List the prime factors of 735988744.
2, 91998593
What are the prime factors of 66350200?
2, 5, 7, 83, 571
List the prime factors of 40109502.
2, 3, 769, 8693
List the prime factors of 3572638143.
3, 127, 197, 47599
List the prime factors of 168170071.
31, 131, 41411
List the prime factors of 49726909.
29, 71, 24151
What are the prime factors of 83159912?
2, 11, 85909
What are the prime factors of 3226901394?
2, 3, 1597, 336767
What are the prime factors of 32073398?
2, 7, 41, 71, 787
List the prime factors of 409606186.
2, 11, 18618463
What are the prime factors of 77849349?
3, 127, 204329
List the prime factors of 8362708835.
5, 13, 128657059
What are the prime factors of 1068755003?
1068755003
List the prime factors of 912381270.
2, 3, 5, 61, 79, 6311
List the prime factors of 886695964.
2, 7, 11, 89, 4621
What are the prime factors of 14565603?
3, 13, 28729
List the prime factors of 1277345555.
5, 47, 5435513
List the prime factors of 2650097444.
2, 23, 47, 26647
What are the prime factors of 42877128?
2, 3, 7, 17, 15013
What are the prime factors of 33001085?
5, 13, 113, 4493
List the prime factors of 157961039.
157961039
What are the prime factors of 99022024?
2, 12377753
What are the prime factors of 34295552?
2, 133967
List the prime factors of 2802582.
2, 3, 155699
List the prime factors of 2665970507.
2671, 998117
List the prime factors of 131546090.
2, 5, 13, 1011893
List the prime factors of 62106885.
3, 5, 460051
List the prime factors of 376256313.
3, 13935419
List the prime factors of 195107667.
3, 65035889
List the prime factors of 256831198.
2, 13, 9878123
List the prime factors of 135527342.
2, 19, 187711
What are the prime factors of 56253105?
3, 5, 1250069
List the prime factors of 24642314.
2, 107, 115151
What are the prime factors of 68482224?
2, 3, 23, 29, 31
What are the prime factors of 4887166236?
2, 3, 3631, 112163
List the prime factors of 2202846703.
67, 32878309
List the prime factors of 477726869.
37, 101, 127837
List the prime factors of 1272934332.
2, 3, 43, 274103
List the prime factors of 514493670.
2, 3, 5, 23, 31, 67, 359
List the prime factors of 201201303.
3, 53, 389, 3253
What are the prime factors of 161853466?
2, 29, 37, 199, 379
What are the prime factors of 71924816?
2, 53, 89, 953
List the prime factors of 25477773.
3, 8492591
What are the prime factors of 5420590731?
3, 19, 607, 52223
List the prime factors of 236753103.
3, 149, 529649
What are the prime factors of 38075092?
2, 11, 865343
List the prime factors of 51799674.
2, 3, 8633279
What are the prime factors of 2360633756?
2, 13, 29, 31, 50497
List the prime factors of 9804926.
2, 37, 132499
What are the prime factors of 902547?
3, 17, 347
What are the prime factors of 132006468?
2, 3, 11, 353, 2833
What are